571 (base 9) to base 3
2000122101
Convert -136032 (base 11) to base 8.
-640003
Convert -1e71de (base 16) to base 10.
-1995230
Convert -15021b (base 12) to base 16.
-56237
Convert 1b0960b (base 13) to base 14.
128707c
Convert -52a911 (base 14) to base 8.
-12523243
What is -1134441 (base 5) in base 15?
-6466
What is -135032003 (base 6) in base 13?
-756ba0
Convert 3494d7 (base 14) to base 4.
12311230211
What is 11110100000010000001 (base 2) in base 7?
11332102
Convert 100010110011011 (base 2) to base 7.
102644
2ea79 (base 16) to base 3
100201010200
214542 (base 7) to base 13
141b1
Convert -9c187 (base 13) to base 10.
-283693
Convert -264932 (base 12) to base 9.
-1160572
-304354 (base 6) to base 8
-57416
-aa1b82 (base 12) to base 3
-12002010110022
Convert -206735 (base 8) to base 2.
-10000110111011101
-1011101011100110100 (base 2) to base 10
-382772
33213341 (base 6) to base 13
28bca6
What is 1458586 (base 9) in base 6?
25142553
What is 458271 (base 9) in base 12?
113217
101100001001100 (base 2) to base 6
252352
What is -138234 (base 9) in base 5?
-10203012
What is 412243 (base 8) in base 3?
20221001012
Convert 111110100010101001 (base 2) to base 13.
8c7a4
23b0aac (base 13) to base 12
3866090
Convert -4764437 (base 9) to base 4.
-21312103303
-445368 (base 9) to base 16
-41096
What is 17069 (base 12) in base 14?
bdcd
Convert -1248775 (base 10) to base 9.
-2312887
4d2d29 (base 15) to base 4
32020213323
What is -c79cf (base 16) in base 9?
-1475501
Convert 133320312 (base 4) to base 8.
377066
What is 1100100101100001011 (base 2) in base 6?
12501215
Convert -c0524 (base 14) to base 13.
-13239a
-3366b2 (base 16) to base 10
-3368626
24178 (base 14) to base 7
514611
What is -35c (base 14) in base 7?
-1645
-122334032 (base 6) to base 5
-1101022100
-11a019 (base 11) to base 9
-317254
What is 101101011111111101001100 (base 2) in base 3?
211102222021112
What is -322456 (base 8) in base 15?
-21e32
What is -10030133210 (base 4) in base 10?
-1099748
Convert 55521454 (base 6) to base 3.
10011002102121
Convert -1332431012 (base 5) to base 16.
-33f54c
Convert 828013 (base 9) to base 8.
1677536
Convert ae3d (base 15) to base 8.
110136
212212110 (base 4) to base 7
1225635
Convert -150909 (base 10) to base 6.
-3122353
Convert 876202 (base 10) to base 14.
18b45c
What is -70852 (base 12) in base 2?
-100011101110111110
-103032321 (base 4) to base 14
-209cd
-4d4b0a (base 16) to base 11
-294a854
Convert -3444c (base 14) to base 8.
-370144
What is d5c7 (base 16) in base 9?
83057
111000010111011010011 (base 2) to base 15
2673d0
Convert -15c231 (base 14) to base 8.
-2722603
Convert -11022221202120 (base 3) to base 12.
-930220
Convert -445679 (base 12) to base 5.
-234302434
Convert -224025 (base 9) to base 6.
-2513035
Convert 6561414 (base 7) to base 8.
3044025
-211112200 (base 3) to base 9
-24480
20000222221110 (base 3) to base 16
30f45f
What is -14837 (base 12) in base 13?
-10189
6461066 (base 7) to base 5
200203134
What is 204212212 (base 5) in base 11?
531355
What is 598b (base 15) in base 6?
224035
Convert -e3313 (base 15) to base 14.
-14a33a
What is -770473 (base 8) in base 9?
-433360
Convert -63c8 (base 13) to base 14.
-5097
What is -2111201002 (base 3) in base 16?
-c0ce
Convert 2425452 (base 6) to base 7.
1042643
-14698 (base 10) to base 7
-60565
31430032 (base 6) to base 12
385318
What is -c880cd (base 14) in base 13?
-1536721
What is 51f1a (base 16) in base 13?
b9a08
What is -2d15a0 (base 16) in base 12?
-ba5a54
110111010000111000 (base 2) to base 14
5c6c8
Convert 717873 (base 9) to base 8.
1477371
What is 11110111011011111101 (base 2) in base 11?
632505
-771646 (base 9) to base 6
-13512023
10121200200010 (base 3) to base 16
1d572e
-6577704 (base 8) to base 15
-24e40c
What is 7614b (base 14) in base 9?
474736
What is -7a832 (base 14) in base 15?
-5d444
-16420311 (base 7) to base 11
-9a4360
What is 76921 (base 11) in base 9?
180053
64125166 (base 7) to base 11
308266a
What is -102211122012 (base 3) in base 13?
-820a3
Convert 10a80 (base 15) to base 13.
1b177
Convert -434033033 (base 5) to base 10.
-1861643
1162867 (base 9) to base 10
632023
-332403 (base 6) to base 16
-6c93
What is -551367 (base 8) in base 16?
-2d2f7
What is 299a210 (base 13) in base 5?
11344242000
-36268833 (base 9) to base 5
-14012422102
What is 110102202220 (base 3) in base 12?
b97a3
What is -11170066 (base 9) in base 2?
-10100101011000110110110
-304341112 (base 5) to base 4
-10300103013
Convert 168465 (base 10) to base 2.
101001001000010001
Convert 75a75 (base 16) to base 15.
97bc4
65d4c (base 15) to base 2
1001111000000100110
Convert 4142341 (base 5) to base 10.
68471
Convert -4153153 (base 6) to base 9.
-336476
What is 111001000110101110 (base 2) in base 12?
b343a
2112112 (base 6) to base 2
11001000111001100
15179 (base 10) to base 7
62153
5338910 (base 10) to base 6
310233102
Convert 2116212 (base 10) to base 14.
3d1300
Convert 12002101012202 (base 3) to base 8.
12241220
What is -112010330103 (base 4) in base 9?
-11800746
Convert 2013221100 (base 4) to base 6.
15524120
Convert -323619 (base 13) to base 2.
-100011111110000000100
What is -2c0834 (base 13) in base 15?
-166ec8
-129b99 (base 15) to base 11
-560431
What is -41926 (base 11) in base 2?
-1110111001010100
What is -1b0d34 (base 16) in base 9?
-3301805
What is 1021001011012 (base 3) in base 16?
a3970
Convert 7833 (base 10) to base 8.
17231
Convert 1323335 (base 7) to base 16.
2a7fa
897173 (base 10) to base 4
3123002111
What is -72423 (base 9) in base 8?
-135162
4205405 (base 6) to base 10
203405
31132001 (base 4) to base 3
2210200022
What is -8162a7 (base 14) in base 10?
-4358011
Convert 1321387 (base 11) to base 14.
437025
-2a6513 (base 14) to base 11
-919992
Convert 2c08b (base 13) to base 6.
1443013
-101101001001011011001010 (base 2) to base 14
-1801110
-12a5b (base 12) to base 2
-110010001100111
Convert -c82b8 (base 14) to base 8.
-1660252
-17000d7 (base 14) to base 16
-ac571d
-225bb12 (base 13) to base 15
-dda5ba
What is -1510005 (base 7) in base 14?
-5453c
-122332131303 (base 4) to base 11
-3aa0000
What is -79c94 (base 14) in base 7?
-2342144
-56506 (base 8) to base 16
-5d46
What is -2a540 (base 15) in base 8?
-411771
What is -53666216 (base 7) in base 9?
-8562585
What is 21744c (base 15) in base 6?
54055300
-486ef9 (base 16) to base 14
-8b7d57
Convert -86cc1c (base 16) to base 15.
-b97786
Convert 102314103 (base 6) to base 9.
3341013
Convert -10120130301 (base 4) to base 11.
-715062
22301222 (base 4) to base 3
2020112202
-1305062 (base 7) to base 12
-82345
Convert -235154451 (base 6) to base 2.
-10000111101110101111111
322033010 (base 4) to base 6
5040152
Convert -3330021203 (base 4) to base 8.
-3741143
What is -1112103001 (base 4) in base 13?
-c4b73
What is 7205216 (base 10) in base 6?
414233252
-101123010 (base 4) to base 2
-10001011011000100
Convert 33101212203 (base 4) to base 5.
2011114014
-2000002 (base 5) to base 14
-b564
-110244 (base 6) to base 15
-2ab7
What is 10013234034 (base 5) in base 9?
20557217
-12577 (base 13) to base 9
-51444
What is 9d923 (base 15) in base 14?
d0ad8
48a3a (base 13) to base 12
6535b
What is 2097c8 (base 14) in base 11?
692960
Convert -c626c8 (base 13) to base 4.
-101222332012
-155121105 (base 6) to base 9
-6224515
97429 (base 15) to base 3
220101200210
452562 (base 9) to base 11
175601
What is 14020423 (base 5) in base 14?
39a60
12212110121010 (base 3) to base 8
13713771
What is 51a4a5 (base 13) in base 7?
22134056
100531110 (base 6) to base 15
24062c
Convert -106918 (base 10) to base 6.
-2142554
-2003424304 (base 5) to base 15
-53581e
What is -15605030 (base 7) in base 9?
-2757278
Convert 10ece (base 16) to base 8.
207316
What is -1b09a5 (base 14) in base 7?
-11115365
Convert -150372 (base 9) to base 3.
-11200102102
What is -43134232 (base 5) in base 6?
-11453314
What is 14131233 (base 5) in base 7?
1145061
Convert -17391 (base 13) to base 14.
-12353
Convert 89145a (base 11) to base 13.
3aa370
What is -7de80 (base 15) in base 8?
-1420160
-144163154 (base 7) to base 3
-122222210110102
What is -106362044 (base 7) in base 6?
-352032212
What is 3388126 (base 10) in base 4?
30323023132
575750 (base 8) to base 4
233233220
What is -1787353 (base 9) in base 2?
-11110100110010101010
What is -200335554